{"id":25,"date":"2019-09-17T11:43:44","date_gmt":"2019-09-17T09:43:44","guid":{"rendered":"https:\/\/brings-online.com\/demo\/wordpress-theme-fahrschule\/?page_id=25"},"modified":"2025-04-21T17:35:09","modified_gmt":"2025-04-21T15:35:09","slug":"fuehrerscheinklasse-a","status":"publish","type":"page","link":"https:\/\/bo-themes.de\/wordpress-themes\/bo-mobilo\/informationen\/fuehrerscheinklasse-a\/","title":{"rendered":"F\u00fchrerscheinklasse A"},"content":{"rendered":"\n<p><strong>Der F\u00fchrerschein Klasse A erm\u00f6glicht das F\u00fchren von Kraftr\u00e4der (auch mit Beiwagen) mit einem Hubraum von mehr als 50 cm\u00b3 und einer H\u00f6chstgeschwindigkeit von mehr als 45 km\/h.<\/strong><\/p>\n\n\n\n<p>Lorem ipsum dolor sit amet, consectetur adipiscing elit, sed do eiusmod tempor incididunt ut labore et dolore magna aliqua. Ut enim ad minim veniam, quis nostrud exercitation ullamco laboris nisi ut aliquip ex ea commodo consequat. Duis aute irure dolor in reprehenderit in voluptate velit esse cillum dolore eu fugiat nulla pariatur. Excepteur sint occaecat cupidatat non proident, sunt in culpa qui officia deserunt mollit anim id est laborum.<\/p>\n\n\n\n<p>Lorem ipsum dolor sit amet, consectetur adipiscing elit, sed do eiusmod tempor incididunt ut labore et dolore magna aliqua. Ut enim ad minim veniam, quis nostrud exercitation ullamco laboris nisi ut aliquip ex ea commodo consequat. Duis aute irure dolor in reprehenderit in voluptate velit esse cillum dolore eu fugiat nulla pariatur. Excepteur sint occaecat cupidatat non proident, sunt in culpa qui officia deserunt mollit anim id est laborum.<\/p>\n\n\n\n<div style=\"height:40px\" aria-hidden=\"true\" class=\"wp-block-spacer\"><\/div>\n\n\n\n<hr class=\"wp-block-separator is-style-wide\" \/>\n\n\n\n<div class=\"wp-block-columns has-2-columns is-layout-flex wp-container-core-columns-is-layout-28f84493 wp-block-columns-is-layout-flex\">\n<div class=\"wp-block-column is-layout-flow wp-block-column-is-layout-flow\"><div class=\"slogan links\">\n<div class=\"preambel\">\n<span style=\"color:#24B6FF;\">Theorie  <\/span>\n<\/div>\n<h3 style=\"font-size:20px; color:#424A59;\">\n<span class=\"slogan-mobile\">Unterricht findet an folgenden Tagen statt:<\/span><\/h3><span style=\"background:#24B6FF\"><\/span><\/div>\n\t\n\t<\/div>\n\n\n\n<div class=\"wp-block-column is-layout-flow wp-block-column-is-layout-flow\">\n<table class=\"wp-block-table\"><tbody><tr><td>Montags<\/td><td>19:00 bis 21:30 Uhr<\/td><\/tr><tr><td>Mittwochs<\/td><td>17:00 bis 19:30 Uhr<\/td><\/tr><tr><td>Freitags<\/td><td>14:30 bis 17:00 Uhr<\/td><\/tr><\/tbody><\/table>\n<\/div>\n<\/div>\n\n\n\n<hr class=\"wp-block-separator is-style-wide\" \/>\n\n\n\n<div style=\"height:40px\" aria-hidden=\"true\" class=\"wp-block-spacer\"><\/div>\n\n\n\n<p>Lorem ipsum dolor sit amet, consectetur adipiscing elit, sed do eiusmod tempor incididunt ut labore et dolore magna aliqua. Ut enim ad minim veniam, quis nostrud exercitation ullamco laboris nisi ut aliquip ex ea commodo consequat. Duis aute irure dolor in reprehenderit in voluptate velit esse cillum dolore eu fugiat nulla pariatur. Excepteur sint occaecat cupidatat non proident, sunt in culpa qui officia deserunt mollit anim id est laborum.<\/p>\n\n\n\n<div style=\"height:29px\" aria-hidden=\"true\" class=\"wp-block-spacer\"><\/div>\n\n\n<div class=\"content-button\"><a style=\"background: #AD0203; color:#FFFFFF\" href=\"https:\/\/bo-themes.de\/wordpress-themes\/bo-mobilo\/preise\/\" target=\"_self\" ><span class=\"button-left-icon\"><i class=\"icofont-ui-calculator\"><\/i><\/span> Die Kosten f\u00fcr alle Ausbildungen finden Sie in unserer Preisliste &raquo;<\/a><\/div>\n\n\n<div style=\"height:50px\" aria-hidden=\"true\" class=\"wp-block-spacer\"><\/div>\n","protected":false},"excerpt":{"rendered":"<p>Der F\u00fchrerschein Klasse A erm\u00f6glicht das F\u00fchren von Kraftr\u00e4der (auch mit Beiwagen) mit einem Hubraum von mehr als 50 cm\u00b3 und einer H\u00f6chstgeschwindigkeit von mehr als 45 [ &#8230; ]<\/p>\n","protected":false},"author":4,"featured_media":0,"parent":35,"menu_order":0,"comment_status":"closed","ping_status":"closed","template":"","meta":{"footnotes":""},"class_list":["post-25","page","type-page","status-publish","hentry"],"yoast_head":"<!-- This site is optimized with the Yoast SEO plugin v26.6 - https:\/\/yoast.com\/wordpress\/plugins\/seo\/ -->\n<title>F\u00fchrerscheinklasse A - BO Mobilo<\/title>\n<meta name=\"description\" content=\"BO Mobilo: Dies ist eine Demo-Webseite f\u00fcr unser WordPress Theme &quot;BO Mobilo&quot; f\u00fcr Fahrschulen\" \/>\n<meta name=\"robots\" content=\"index, follow, max-snippet:-1, max-image-preview:large, max-video-preview:-1\" \/>\n<link rel=\"canonical\" href=\"https:\/\/bo-themes.de\/wordpress-themes\/bo-mobilo\/informationen\/fuehrerscheinklasse-a\/\" \/>\n<meta property=\"og:locale\" content=\"de_DE\" \/>\n<meta property=\"og:type\" content=\"article\" \/>\n<meta property=\"og:title\" content=\"F\u00fchrerscheinklasse A - BO Mobilo\" \/>\n<meta property=\"og:description\" content=\"BO Mobilo: Dies ist eine Demo-Webseite f\u00fcr unser WordPress Theme &quot;BO Mobilo&quot; f\u00fcr Fahrschulen\" \/>\n<meta property=\"og:url\" content=\"https:\/\/bo-themes.de\/wordpress-themes\/bo-mobilo\/informationen\/fuehrerscheinklasse-a\/\" \/>\n<meta property=\"og:site_name\" content=\"BO Mobilo\" \/>\n<meta property=\"article:modified_time\" content=\"2025-04-21T15:35:09+00:00\" \/>\n<meta property=\"og:image\" content=\"https:\/\/bo-themes.de\/wordpress-themes\/bo-mobilo\/wp-content\/uploads\/sites\/4\/2025\/04\/screen-mobilo-theme-a.webp\" \/>\n\t<meta property=\"og:image:width\" content=\"1200\" \/>\n\t<meta property=\"og:image:height\" content=\"732\" \/>\n\t<meta property=\"og:image:type\" content=\"image\/webp\" \/>\n<meta name=\"twitter:card\" content=\"summary_large_image\" \/>\n<meta name=\"twitter:label1\" content=\"Gesch\u00e4tzte Lesezeit\" \/>\n\t<meta name=\"twitter:data1\" content=\"3\u00a0Minuten\" \/>\n<script type=\"application\/ld+json\" class=\"yoast-schema-graph\">{\"@context\":\"https:\/\/schema.org\",\"@graph\":[{\"@type\":\"WebPage\",\"@id\":\"https:\/\/bo-themes.de\/wordpress-themes\/bo-mobilo\/informationen\/fuehrerscheinklasse-a\/\",\"url\":\"https:\/\/bo-themes.de\/wordpress-themes\/bo-mobilo\/informationen\/fuehrerscheinklasse-a\/\",\"name\":\"F\u00fchrerscheinklasse A - BO Mobilo\",\"isPartOf\":{\"@id\":\"https:\/\/bo-themes.de\/wordpress-themes\/bo-mobilo\/#website\"},\"datePublished\":\"2019-09-17T09:43:44+00:00\",\"dateModified\":\"2025-04-21T15:35:09+00:00\",\"description\":\"BO Mobilo: Dies ist eine Demo-Webseite f\u00fcr unser WordPress Theme \\\"BO Mobilo\\\" f\u00fcr Fahrschulen\",\"breadcrumb\":{\"@id\":\"https:\/\/bo-themes.de\/wordpress-themes\/bo-mobilo\/informationen\/fuehrerscheinklasse-a\/#breadcrumb\"},\"inLanguage\":\"de\",\"potentialAction\":[{\"@type\":\"ReadAction\",\"target\":[\"https:\/\/bo-themes.de\/wordpress-themes\/bo-mobilo\/informationen\/fuehrerscheinklasse-a\/\"]}]},{\"@type\":\"BreadcrumbList\",\"@id\":\"https:\/\/bo-themes.de\/wordpress-themes\/bo-mobilo\/informationen\/fuehrerscheinklasse-a\/#breadcrumb\",\"itemListElement\":[{\"@type\":\"ListItem\",\"position\":1,\"name\":\"Startseite\",\"item\":\"https:\/\/bo-themes.de\/wordpress-themes\/bo-mobilo\/\"},{\"@type\":\"ListItem\",\"position\":2,\"name\":\"Informationen\",\"item\":\"https:\/\/bo-themes.de\/wordpress-themes\/bo-mobilo\/informationen\/\"},{\"@type\":\"ListItem\",\"position\":3,\"name\":\"F\u00fchrerscheinklasse A\"}]},{\"@type\":\"WebSite\",\"@id\":\"https:\/\/bo-themes.de\/wordpress-themes\/bo-mobilo\/#website\",\"url\":\"https:\/\/bo-themes.de\/wordpress-themes\/bo-mobilo\/\",\"name\":\"BO Mobilo - WordPress Theme f\u00fcr Fahrschulen\",\"description\":\"\",\"publisher\":{\"@id\":\"https:\/\/bo-themes.de\/wordpress-themes\/bo-mobilo\/#organization\"},\"alternateName\":\"BO Mobilo\",\"potentialAction\":[{\"@type\":\"SearchAction\",\"target\":{\"@type\":\"EntryPoint\",\"urlTemplate\":\"https:\/\/bo-themes.de\/wordpress-themes\/bo-mobilo\/?s={search_term_string}\"},\"query-input\":{\"@type\":\"PropertyValueSpecification\",\"valueRequired\":true,\"valueName\":\"search_term_string\"}}],\"inLanguage\":\"de\"},{\"@type\":\"Organization\",\"@id\":\"https:\/\/bo-themes.de\/wordpress-themes\/bo-mobilo\/#organization\",\"name\":\"BO Mobilo - WordPress Theme f\u00fcr Fahrschulen\",\"alternateName\":\"BO Mobilo\",\"url\":\"https:\/\/bo-themes.de\/wordpress-themes\/bo-mobilo\/\",\"logo\":{\"@type\":\"ImageObject\",\"inLanguage\":\"de\",\"@id\":\"https:\/\/bo-themes.de\/wordpress-themes\/bo-mobilo\/#\/schema\/logo\/image\/\",\"url\":\"https:\/\/bo-themes.de\/wordpress-themes\/bo-mobilo\/wp-content\/uploads\/sites\/4\/2019\/10\/wpicon.png\",\"contentUrl\":\"https:\/\/bo-themes.de\/wordpress-themes\/bo-mobilo\/wp-content\/uploads\/sites\/4\/2019\/10\/wpicon.png\",\"width\":512,\"height\":512,\"caption\":\"BO Mobilo - WordPress Theme f\u00fcr Fahrschulen\"},\"image\":{\"@id\":\"https:\/\/bo-themes.de\/wordpress-themes\/bo-mobilo\/#\/schema\/logo\/image\/\"}}]}<\/script>\n<!-- \/ Yoast SEO plugin. -->","yoast_head_json":{"title":"F\u00fchrerscheinklasse A - BO Mobilo","description":"BO Mobilo: Dies ist eine Demo-Webseite f\u00fcr unser WordPress Theme \"BO Mobilo\" f\u00fcr Fahrschulen","robots":{"index":"index","follow":"follow","max-snippet":"max-snippet:-1","max-image-preview":"max-image-preview:large","max-video-preview":"max-video-preview:-1"},"canonical":"https:\/\/bo-themes.de\/wordpress-themes\/bo-mobilo\/informationen\/fuehrerscheinklasse-a\/","og_locale":"de_DE","og_type":"article","og_title":"F\u00fchrerscheinklasse A - BO Mobilo","og_description":"BO Mobilo: Dies ist eine Demo-Webseite f\u00fcr unser WordPress Theme \"BO Mobilo\" f\u00fcr Fahrschulen","og_url":"https:\/\/bo-themes.de\/wordpress-themes\/bo-mobilo\/informationen\/fuehrerscheinklasse-a\/","og_site_name":"BO Mobilo","article_modified_time":"2025-04-21T15:35:09+00:00","og_image":[{"width":1200,"height":732,"url":"https:\/\/bo-themes.de\/wordpress-themes\/bo-mobilo\/wp-content\/uploads\/sites\/4\/2025\/04\/screen-mobilo-theme-a.webp","type":"image\/webp"}],"twitter_card":"summary_large_image","twitter_misc":{"Gesch\u00e4tzte Lesezeit":"3\u00a0Minuten"},"schema":{"@context":"https:\/\/schema.org","@graph":[{"@type":"WebPage","@id":"https:\/\/bo-themes.de\/wordpress-themes\/bo-mobilo\/informationen\/fuehrerscheinklasse-a\/","url":"https:\/\/bo-themes.de\/wordpress-themes\/bo-mobilo\/informationen\/fuehrerscheinklasse-a\/","name":"F\u00fchrerscheinklasse A - BO Mobilo","isPartOf":{"@id":"https:\/\/bo-themes.de\/wordpress-themes\/bo-mobilo\/#website"},"datePublished":"2019-09-17T09:43:44+00:00","dateModified":"2025-04-21T15:35:09+00:00","description":"BO Mobilo: Dies ist eine Demo-Webseite f\u00fcr unser WordPress Theme \"BO Mobilo\" f\u00fcr Fahrschulen","breadcrumb":{"@id":"https:\/\/bo-themes.de\/wordpress-themes\/bo-mobilo\/informationen\/fuehrerscheinklasse-a\/#breadcrumb"},"inLanguage":"de","potentialAction":[{"@type":"ReadAction","target":["https:\/\/bo-themes.de\/wordpress-themes\/bo-mobilo\/informationen\/fuehrerscheinklasse-a\/"]}]},{"@type":"BreadcrumbList","@id":"https:\/\/bo-themes.de\/wordpress-themes\/bo-mobilo\/informationen\/fuehrerscheinklasse-a\/#breadcrumb","itemListElement":[{"@type":"ListItem","position":1,"name":"Startseite","item":"https:\/\/bo-themes.de\/wordpress-themes\/bo-mobilo\/"},{"@type":"ListItem","position":2,"name":"Informationen","item":"https:\/\/bo-themes.de\/wordpress-themes\/bo-mobilo\/informationen\/"},{"@type":"ListItem","position":3,"name":"F\u00fchrerscheinklasse A"}]},{"@type":"WebSite","@id":"https:\/\/bo-themes.de\/wordpress-themes\/bo-mobilo\/#website","url":"https:\/\/bo-themes.de\/wordpress-themes\/bo-mobilo\/","name":"BO Mobilo - WordPress Theme f\u00fcr Fahrschulen","description":"","publisher":{"@id":"https:\/\/bo-themes.de\/wordpress-themes\/bo-mobilo\/#organization"},"alternateName":"BO Mobilo","potentialAction":[{"@type":"SearchAction","target":{"@type":"EntryPoint","urlTemplate":"https:\/\/bo-themes.de\/wordpress-themes\/bo-mobilo\/?s={search_term_string}"},"query-input":{"@type":"PropertyValueSpecification","valueRequired":true,"valueName":"search_term_string"}}],"inLanguage":"de"},{"@type":"Organization","@id":"https:\/\/bo-themes.de\/wordpress-themes\/bo-mobilo\/#organization","name":"BO Mobilo - WordPress Theme f\u00fcr Fahrschulen","alternateName":"BO Mobilo","url":"https:\/\/bo-themes.de\/wordpress-themes\/bo-mobilo\/","logo":{"@type":"ImageObject","inLanguage":"de","@id":"https:\/\/bo-themes.de\/wordpress-themes\/bo-mobilo\/#\/schema\/logo\/image\/","url":"https:\/\/bo-themes.de\/wordpress-themes\/bo-mobilo\/wp-content\/uploads\/sites\/4\/2019\/10\/wpicon.png","contentUrl":"https:\/\/bo-themes.de\/wordpress-themes\/bo-mobilo\/wp-content\/uploads\/sites\/4\/2019\/10\/wpicon.png","width":512,"height":512,"caption":"BO Mobilo - WordPress Theme f\u00fcr Fahrschulen"},"image":{"@id":"https:\/\/bo-themes.de\/wordpress-themes\/bo-mobilo\/#\/schema\/logo\/image\/"}}]}},"featured_image_src":null,"featured_image_src_square":null,"_links":{"self":[{"href":"https:\/\/bo-themes.de\/wordpress-themes\/bo-mobilo\/wp-json\/wp\/v2\/pages\/25","targetHints":{"allow":["GET"]}}],"collection":[{"href":"https:\/\/bo-themes.de\/wordpress-themes\/bo-mobilo\/wp-json\/wp\/v2\/pages"}],"about":[{"href":"https:\/\/bo-themes.de\/wordpress-themes\/bo-mobilo\/wp-json\/wp\/v2\/types\/page"}],"author":[{"embeddable":true,"href":"https:\/\/bo-themes.de\/wordpress-themes\/bo-mobilo\/wp-json\/wp\/v2\/users\/4"}],"replies":[{"embeddable":true,"href":"https:\/\/bo-themes.de\/wordpress-themes\/bo-mobilo\/wp-json\/wp\/v2\/comments?post=25"}],"version-history":[{"count":1,"href":"https:\/\/bo-themes.de\/wordpress-themes\/bo-mobilo\/wp-json\/wp\/v2\/pages\/25\/revisions"}],"predecessor-version":[{"id":7743,"href":"https:\/\/bo-themes.de\/wordpress-themes\/bo-mobilo\/wp-json\/wp\/v2\/pages\/25\/revisions\/7743"}],"up":[{"embeddable":true,"href":"https:\/\/bo-themes.de\/wordpress-themes\/bo-mobilo\/wp-json\/wp\/v2\/pages\/35"}],"wp:attachment":[{"href":"https:\/\/bo-themes.de\/wordpress-themes\/bo-mobilo\/wp-json\/wp\/v2\/media?parent=25"}],"curies":[{"name":"wp","href":"https:\/\/api.w.org\/{rel}","templated":true}]}}