{"id":8857,"date":"2021-03-02T17:38:52","date_gmt":"2021-03-02T16:38:52","guid":{"rendered":"https:\/\/brings-online.com\/demo\/wordpress-immobilien-theme-beladomo20\/?page_id=8857"},"modified":"2025-04-21T14:39:26","modified_gmt":"2025-04-21T12:39:26","slug":"templates","status":"publish","type":"page","link":"https:\/\/bo-themes.de\/wordpress-immobilien-themes\/bo-beladomo\/theme-infos\/templates\/","title":{"rendered":"Templates"},"content":{"rendered":"<div class=\"slogan links \">\n<div class=\"preambel\">\n<span style=\"color:#32A4FC;\"><\/span>\n<\/div>\n<h3 style=\"font-size:23px; \">\n<span class=\"slogan-mobile\">Seiten-Templates<\/span><\/h3><span style=\"background:#32A4FC\"><\/span><\/div>\n\t\n\t\n\n\n<p>F\u00fcr Seiten sind im Beladomo20-Theme folgende, zus\u00e4tzliche* Templates vorbereitet. Alternativ zur Listung von z.B. Immobilien oder Ansprechpartnern via Template k\u00f6nnen auch <a href=\"https:\/\/brings-online.com\/demo\/wordpress-immobilien-theme-beladomo20\/theme-infos\/shortcodes\/shortcodes-immobilien\/\">Shortcodes<\/a> genutzt werden. <\/p>\n\n\n\n<ul class=\"wp-block-list\">\n<li>Startseite Beladomo20 &#8211; ohne Breadcrumb-Navigation, Sidebars oder Seitentitel <\/li>\n\n\n\n<li>Startseite Beladomo16 &#8211; f\u00fcr &#8222;Umsteiger&#8220;, hier werden Immobilien- und Blog-Teaser automatisch eingebunden <\/li>\n\n\n\n<li><a href=\"https:\/\/brings-online.com\/demo\/wordpress-immobilien-theme-beladomo20\/immobilien\/\">Liste mit Immobilien<\/a> &#8211; zeigt automatisch alle Immobilien in chronologischer Reihenfolge. Einstellungen dazu (Anzahl, Spaltenbreite, Auswahlboxen, Filter) werden in den Theme-Einstellungen gemacht. <\/li>\n\n\n\n<li><a href=\"https:\/\/brings-online.com\/demo\/wordpress-immobilien-theme-beladomo20\/referenzen\/\">Liste mit Referenzen<\/a> &#8211; zeigt automatisch alle Referenzen in chronologischer Reihenfolge. Einstellungen dazu (Filter) werden in den Theme-Einstellungen gemacht.<\/li>\n\n\n\n<li><a href=\"https:\/\/brings-online.com\/demo\/wordpress-immobilien-theme-beladomo20\/unser-team\/\">Liste mit Ansprechpartnern<\/a> &#8211; zeigt automatisch alle Ansprechpartner und filtert diese, wenn Kategorien eingerichtet sind.<\/li>\n\n\n\n<li><a href=\"https:\/\/brings-online.com\/demo\/wordpress-immobilien-theme-beladomo20\/unsere-leistungen\/\">Liste mit Leistungen<\/a> &#8211; zeigt automatisch Teaser aller Seiten der Rubrik &#8222;Leistungen&#8220;.<\/li>\n\n\n\n<li><a href=\"https:\/\/brings-online.com\/demo\/wordpress-immobilien-theme-beladomo20\/gesuche\/\">Liste mit Gesuchen<\/a> &#8211; zeigt automatisch Teaser aller Seiten der Rubrik &#8222;Gesuche&#8220;.<\/li>\n\n\n\n<li><a href=\"https:\/\/brings-online.com\/demo\/wordpress-immobilien-theme-beladomo20\/merkliste\/\">Merkliste<\/a> &#8211; zeigt die &#8222;gemerkten&#8220; Objekte, wenn das Plugin &#8222;Favorites&#8220; genutzt wird. <\/li>\n\n\n\n<li><a href=\"https:\/\/brings-online.com\/demo\/wordpress-immobilien-theme-beladomo20\/start\/landingpage\/\">LandingPage1<\/a> &#8211; f\u00fcr interne LandingPages mit Header und Standard-Hauptmen\u00fc oder alternativem Hauptmen\u00fc<\/li>\n\n\n\n<li><a href=\"https:\/\/brings-online.com\/demo\/wordpress-immobilien-theme-beladomo20\/start\/landingpage2\/\">LandingPage2<\/a> &#8211; f\u00fcr interne LandingPages ohne Header und Footer <br><\/li>\n<\/ul>\n\n\n\n<p>*Alle Standard-Templates, die WordPress braucht, wie z.B. f\u00fcr Archive, Kategorie-\/Taxonomielisten oder Einzelseiten sind nat\u00fcrlich ebenfalls enthalten.  <\/p>\n\n\n\n<div style=\"height:70px\" aria-hidden=\"true\" class=\"wp-block-spacer\"><\/div>\n\n\n\n<section class=\"bo-block-cta-section alignfull \" style=\"background-image: url('https:\/\/bo-themes.de\/wordpress-immobilien-themes\/bo-beladomo\/wp-content\/uploads\/sites\/5\/2019\/12\/beladomo-immobilien-testbild-unsplash-11.jpg'); background-position:center; background-attachment:scroll; background-color:#ffffff;\">\n\t<div class=\"bo-block-cta-overlay animated fadeIn\" style=\"background-color: rgba(0, 0, 0, 0.65);\">\n<div class=\"bo-block-cta-container\" style=\"padding-top:9%; padding-bottom:8%;justify-content: flex-start\">\n<div class=\"bo-block-cta-wrapper animated fadeIn\" style=\"text-align:left\">\n\t\t\t\t\n                <h2 class=\"bo-block-cta-heading\" style=\"font-size: 44px; color:#f0f1f6\"><span class=\"bo-block-cta-heading-mobile\">Sie haben noch Fragen?<\/span><\/h2>                <p class=\"bo-block-cta-text\" style=\"font-size:20px; color:#f0f1f6\">Wenn Sie noch Fragen haben oder nicht sicher sind, ob das Theme Ihrem Bedarf entpricht, senden Sie eine Nachricht! Sie erhalten schnellstm\u00f6glich Auskunft.<\/p>\t\t\t\t\n                <div class=\"bo-block-cta-buttons\">\n\t\t\t\t\t\n<a class=\"bo-block-cta-button-1\" style=\"color:#484B59 !important; background:#f0f1f6; border-color:#f0f1f6;\" href=\"https:\/\/brings-online.com\/kontakt\/\" target=\"_self\">Zum Kontakt<\/a>                <\/div>            <\/div>\n        <\/div>   \n    <\/div>\n<\/section>","protected":false},"excerpt":{"rendered":"<p>F\u00fcr Seiten sind im Beladomo20-Theme folgende, zus\u00e4tzliche* Templates vorbereitet. Alternativ zur Listung von z.B. Immobilien oder Ansprechpartnern via Template k\u00f6nnen <small class=\"highlight\">[&#8230;]<\/small><\/p>\n","protected":false},"author":1,"featured_media":0,"parent":8054,"menu_order":3,"comment_status":"closed","ping_status":"closed","template":"","meta":{"footnotes":""},"class_list":["post-8857","page","type-page","status-publish","hentry"],"yoast_head":"<!-- This site is optimized with the Yoast SEO plugin v26.5 - https:\/\/yoast.com\/wordpress\/plugins\/seo\/ -->\n<title>Templates - BO Beladomo<\/title>\n<meta name=\"description\" content=\"Dies ist eine Demo-Webseite f\u00fcr Beladomo - einem Immobilien-Theme f\u00fcr WordPress von Brings - B\u00fcro f\u00fcr Webentwicklung\" \/>\n<meta name=\"robots\" content=\"index, follow, max-snippet:-1, max-image-preview:large, max-video-preview:-1\" \/>\n<link rel=\"canonical\" href=\"https:\/\/bo-themes.de\/wordpress-immobilien-themes\/bo-beladomo\/theme-infos\/templates\/\" \/>\n<meta property=\"og:locale\" content=\"de_DE\" \/>\n<meta property=\"og:type\" content=\"article\" \/>\n<meta property=\"og:title\" content=\"Templates - BO Beladomo\" \/>\n<meta property=\"og:description\" content=\"Dies ist eine Demo-Webseite f\u00fcr Beladomo - einem Immobilien-Theme f\u00fcr WordPress von Brings - B\u00fcro f\u00fcr Webentwicklung\" \/>\n<meta property=\"og:url\" content=\"https:\/\/bo-themes.de\/wordpress-immobilien-themes\/bo-beladomo\/theme-infos\/templates\/\" \/>\n<meta property=\"og:site_name\" content=\"BO Beladomo\" \/>\n<meta property=\"article:modified_time\" content=\"2025-04-21T12:39:26+00:00\" \/>\n<meta property=\"og:image\" content=\"https:\/\/bo-themes.de\/wordpress-immobilien-themes\/bo-beladomo\/wp-content\/uploads\/sites\/5\/2025\/04\/beladomo20-wordpress-theme-liste.webp\" \/>\n\t<meta property=\"og:image:width\" content=\"1200\" \/>\n\t<meta property=\"og:image:height\" content=\"732\" \/>\n\t<meta property=\"og:image:type\" content=\"image\/webp\" \/>\n<meta name=\"twitter:card\" content=\"summary_large_image\" \/>\n<meta name=\"twitter:label1\" content=\"Gesch\u00e4tzte Lesezeit\" \/>\n\t<meta name=\"twitter:data1\" content=\"1\u00a0Minute\" \/>\n<script type=\"application\/ld+json\" class=\"yoast-schema-graph\">{\"@context\":\"https:\/\/schema.org\",\"@graph\":[{\"@type\":\"WebPage\",\"@id\":\"https:\/\/bo-themes.de\/wordpress-immobilien-themes\/bo-beladomo\/theme-infos\/templates\/\",\"url\":\"https:\/\/bo-themes.de\/wordpress-immobilien-themes\/bo-beladomo\/theme-infos\/templates\/\",\"name\":\"Templates - BO Beladomo\",\"isPartOf\":{\"@id\":\"https:\/\/bo-themes.de\/wordpress-immobilien-themes\/bo-beladomo\/#website\"},\"datePublished\":\"2021-03-02T16:38:52+00:00\",\"dateModified\":\"2025-04-21T12:39:26+00:00\",\"description\":\"Dies ist eine Demo-Webseite f\u00fcr Beladomo - einem Immobilien-Theme f\u00fcr WordPress von Brings - B\u00fcro f\u00fcr Webentwicklung\",\"breadcrumb\":{\"@id\":\"https:\/\/bo-themes.de\/wordpress-immobilien-themes\/bo-beladomo\/theme-infos\/templates\/#breadcrumb\"},\"inLanguage\":\"de\",\"potentialAction\":[{\"@type\":\"ReadAction\",\"target\":[\"https:\/\/bo-themes.de\/wordpress-immobilien-themes\/bo-beladomo\/theme-infos\/templates\/\"]}]},{\"@type\":\"BreadcrumbList\",\"@id\":\"https:\/\/bo-themes.de\/wordpress-immobilien-themes\/bo-beladomo\/theme-infos\/templates\/#breadcrumb\",\"itemListElement\":[{\"@type\":\"ListItem\",\"position\":1,\"name\":\"Startseite\",\"item\":\"https:\/\/bo-themes.de\/wordpress-immobilien-themes\/bo-beladomo\/\"},{\"@type\":\"ListItem\",\"position\":2,\"name\":\"Theme-Infos\",\"item\":\"https:\/\/bo-themes.de\/wordpress-immobilien-themes\/bo-beladomo\/theme-infos\/\"},{\"@type\":\"ListItem\",\"position\":3,\"name\":\"Templates\"}]},{\"@type\":\"WebSite\",\"@id\":\"https:\/\/bo-themes.de\/wordpress-immobilien-themes\/bo-beladomo\/#website\",\"url\":\"https:\/\/bo-themes.de\/wordpress-immobilien-themes\/bo-beladomo\/\",\"name\":\"BO Beladomo - Immobilien-Theme f\u00fcr WordPress\",\"description\":\"WordPress Theme f\u00fcr Immobilien-Webseiten\",\"publisher\":{\"@id\":\"https:\/\/bo-themes.de\/wordpress-immobilien-themes\/bo-beladomo\/#organization\"},\"alternateName\":\"BO Beladomo\",\"potentialAction\":[{\"@type\":\"SearchAction\",\"target\":{\"@type\":\"EntryPoint\",\"urlTemplate\":\"https:\/\/bo-themes.de\/wordpress-immobilien-themes\/bo-beladomo\/?s={search_term_string}\"},\"query-input\":{\"@type\":\"PropertyValueSpecification\",\"valueRequired\":true,\"valueName\":\"search_term_string\"}}],\"inLanguage\":\"de\"},{\"@type\":\"Organization\",\"@id\":\"https:\/\/bo-themes.de\/wordpress-immobilien-themes\/bo-beladomo\/#organization\",\"name\":\"BO Beladomo - Immobilien-Theme f\u00fcr WordPress\",\"alternateName\":\"BO Beladomo\",\"url\":\"https:\/\/bo-themes.de\/wordpress-immobilien-themes\/bo-beladomo\/\",\"logo\":{\"@type\":\"ImageObject\",\"inLanguage\":\"de\",\"@id\":\"https:\/\/bo-themes.de\/wordpress-immobilien-themes\/bo-beladomo\/#\/schema\/logo\/image\/\",\"url\":\"https:\/\/bo-themes.de\/wordpress-immobilien-themes\/bo-beladomo\/wp-content\/uploads\/sites\/5\/2020\/01\/wpicon-brings.png\",\"contentUrl\":\"https:\/\/bo-themes.de\/wordpress-immobilien-themes\/bo-beladomo\/wp-content\/uploads\/sites\/5\/2020\/01\/wpicon-brings.png\",\"width\":512,\"height\":512,\"caption\":\"BO Beladomo - Immobilien-Theme f\u00fcr WordPress\"},\"image\":{\"@id\":\"https:\/\/bo-themes.de\/wordpress-immobilien-themes\/bo-beladomo\/#\/schema\/logo\/image\/\"}}]}<\/script>\n<!-- \/ Yoast SEO plugin. -->","yoast_head_json":{"title":"Templates - BO Beladomo","description":"Dies ist eine Demo-Webseite f\u00fcr Beladomo - einem Immobilien-Theme f\u00fcr WordPress von Brings - B\u00fcro f\u00fcr Webentwicklung","robots":{"index":"index","follow":"follow","max-snippet":"max-snippet:-1","max-image-preview":"max-image-preview:large","max-video-preview":"max-video-preview:-1"},"canonical":"https:\/\/bo-themes.de\/wordpress-immobilien-themes\/bo-beladomo\/theme-infos\/templates\/","og_locale":"de_DE","og_type":"article","og_title":"Templates - BO Beladomo","og_description":"Dies ist eine Demo-Webseite f\u00fcr Beladomo - einem Immobilien-Theme f\u00fcr WordPress von Brings - B\u00fcro f\u00fcr Webentwicklung","og_url":"https:\/\/bo-themes.de\/wordpress-immobilien-themes\/bo-beladomo\/theme-infos\/templates\/","og_site_name":"BO Beladomo","article_modified_time":"2025-04-21T12:39:26+00:00","og_image":[{"width":1200,"height":732,"url":"https:\/\/bo-themes.de\/wordpress-immobilien-themes\/bo-beladomo\/wp-content\/uploads\/sites\/5\/2025\/04\/beladomo20-wordpress-theme-liste.webp","type":"image\/webp"}],"twitter_card":"summary_large_image","twitter_misc":{"Gesch\u00e4tzte Lesezeit":"1\u00a0Minute"},"schema":{"@context":"https:\/\/schema.org","@graph":[{"@type":"WebPage","@id":"https:\/\/bo-themes.de\/wordpress-immobilien-themes\/bo-beladomo\/theme-infos\/templates\/","url":"https:\/\/bo-themes.de\/wordpress-immobilien-themes\/bo-beladomo\/theme-infos\/templates\/","name":"Templates - BO Beladomo","isPartOf":{"@id":"https:\/\/bo-themes.de\/wordpress-immobilien-themes\/bo-beladomo\/#website"},"datePublished":"2021-03-02T16:38:52+00:00","dateModified":"2025-04-21T12:39:26+00:00","description":"Dies ist eine Demo-Webseite f\u00fcr Beladomo - einem Immobilien-Theme f\u00fcr WordPress von Brings - B\u00fcro f\u00fcr Webentwicklung","breadcrumb":{"@id":"https:\/\/bo-themes.de\/wordpress-immobilien-themes\/bo-beladomo\/theme-infos\/templates\/#breadcrumb"},"inLanguage":"de","potentialAction":[{"@type":"ReadAction","target":["https:\/\/bo-themes.de\/wordpress-immobilien-themes\/bo-beladomo\/theme-infos\/templates\/"]}]},{"@type":"BreadcrumbList","@id":"https:\/\/bo-themes.de\/wordpress-immobilien-themes\/bo-beladomo\/theme-infos\/templates\/#breadcrumb","itemListElement":[{"@type":"ListItem","position":1,"name":"Startseite","item":"https:\/\/bo-themes.de\/wordpress-immobilien-themes\/bo-beladomo\/"},{"@type":"ListItem","position":2,"name":"Theme-Infos","item":"https:\/\/bo-themes.de\/wordpress-immobilien-themes\/bo-beladomo\/theme-infos\/"},{"@type":"ListItem","position":3,"name":"Templates"}]},{"@type":"WebSite","@id":"https:\/\/bo-themes.de\/wordpress-immobilien-themes\/bo-beladomo\/#website","url":"https:\/\/bo-themes.de\/wordpress-immobilien-themes\/bo-beladomo\/","name":"BO Beladomo - Immobilien-Theme f\u00fcr WordPress","description":"WordPress Theme f\u00fcr Immobilien-Webseiten","publisher":{"@id":"https:\/\/bo-themes.de\/wordpress-immobilien-themes\/bo-beladomo\/#organization"},"alternateName":"BO Beladomo","potentialAction":[{"@type":"SearchAction","target":{"@type":"EntryPoint","urlTemplate":"https:\/\/bo-themes.de\/wordpress-immobilien-themes\/bo-beladomo\/?s={search_term_string}"},"query-input":{"@type":"PropertyValueSpecification","valueRequired":true,"valueName":"search_term_string"}}],"inLanguage":"de"},{"@type":"Organization","@id":"https:\/\/bo-themes.de\/wordpress-immobilien-themes\/bo-beladomo\/#organization","name":"BO Beladomo - Immobilien-Theme f\u00fcr WordPress","alternateName":"BO Beladomo","url":"https:\/\/bo-themes.de\/wordpress-immobilien-themes\/bo-beladomo\/","logo":{"@type":"ImageObject","inLanguage":"de","@id":"https:\/\/bo-themes.de\/wordpress-immobilien-themes\/bo-beladomo\/#\/schema\/logo\/image\/","url":"https:\/\/bo-themes.de\/wordpress-immobilien-themes\/bo-beladomo\/wp-content\/uploads\/sites\/5\/2020\/01\/wpicon-brings.png","contentUrl":"https:\/\/bo-themes.de\/wordpress-immobilien-themes\/bo-beladomo\/wp-content\/uploads\/sites\/5\/2020\/01\/wpicon-brings.png","width":512,"height":512,"caption":"BO Beladomo - Immobilien-Theme f\u00fcr WordPress"},"image":{"@id":"https:\/\/bo-themes.de\/wordpress-immobilien-themes\/bo-beladomo\/#\/schema\/logo\/image\/"}}]}},"_links":{"self":[{"href":"https:\/\/bo-themes.de\/wordpress-immobilien-themes\/bo-beladomo\/wp-json\/wp\/v2\/pages\/8857","targetHints":{"allow":["GET"]}}],"collection":[{"href":"https:\/\/bo-themes.de\/wordpress-immobilien-themes\/bo-beladomo\/wp-json\/wp\/v2\/pages"}],"about":[{"href":"https:\/\/bo-themes.de\/wordpress-immobilien-themes\/bo-beladomo\/wp-json\/wp\/v2\/types\/page"}],"author":[{"embeddable":true,"href":"https:\/\/bo-themes.de\/wordpress-immobilien-themes\/bo-beladomo\/wp-json\/wp\/v2\/users\/1"}],"replies":[{"embeddable":true,"href":"https:\/\/bo-themes.de\/wordpress-immobilien-themes\/bo-beladomo\/wp-json\/wp\/v2\/comments?post=8857"}],"version-history":[{"count":3,"href":"https:\/\/bo-themes.de\/wordpress-immobilien-themes\/bo-beladomo\/wp-json\/wp\/v2\/pages\/8857\/revisions"}],"predecessor-version":[{"id":13666,"href":"https:\/\/bo-themes.de\/wordpress-immobilien-themes\/bo-beladomo\/wp-json\/wp\/v2\/pages\/8857\/revisions\/13666"}],"up":[{"embeddable":true,"href":"https:\/\/bo-themes.de\/wordpress-immobilien-themes\/bo-beladomo\/wp-json\/wp\/v2\/pages\/8054"}],"wp:attachment":[{"href":"https:\/\/bo-themes.de\/wordpress-immobilien-themes\/bo-beladomo\/wp-json\/wp\/v2\/media?parent=8857"}],"curies":[{"name":"wp","href":"https:\/\/api.w.org\/{rel}","templated":true}]}}