{"id":26,"date":"2025-06-11T19:28:57","date_gmt":"2025-06-11T17:28:57","guid":{"rendered":"https:\/\/bo-themes.de\/wordpress-block-themes\/bob-werkstatt\/?page_id=26"},"modified":"2025-06-16T17:56:55","modified_gmt":"2025-06-16T15:56:55","slug":"unser-team","status":"publish","type":"page","link":"https:\/\/bo-themes.de\/wordpress-block-themes\/bob-werkstatt\/die-werkstatt\/unser-team\/","title":{"rendered":"Unser Team"},"content":{"rendered":"\n<h2 class=\"wp-block-heading is-style-heading--underline\">Wir freuen uns auf Ihren Besuch in unserer Werkstatt!<\/h2>\n\n\n\n<div class=\"wp-block-columns is-layout-flex wp-container-core-columns-is-layout-658170e2 wp-block-columns-is-layout-flex\">\n<div class=\"wp-block-column is-layout-flow wp-block-column-is-layout-flow\" style=\"flex-basis:66.66%\">\n<p>Lorem ipsum dolor sit amet, consetetur sadipscing elitr, sed diam nonumy eirmod tempor invidunt ut labore et dolore magna aliquyam erat, sed diam voluptua. At vero eos et accusam et justo duo dolores et ea rebum. Stet clita kasd gubergren, no sea takimata sanctus est Lorem ipsum dolor sit amet.<\/p>\n<\/div>\n\n\n\n<div class=\"wp-block-column is-vertically-aligned-center has-base-color has-text-color has-link-color wp-elements-c79246b67fb66534a72bdfa1bed42bc9 is-layout-flow wp-container-core-column-is-layout-b108c007 wp-block-column-is-layout-flow\" style=\"padding-right:0;padding-left:0;flex-basis:33.3333%\">\n<div class=\"wp-block-cover is-style-group--interactive bob-iconbutton-cover\" style=\"border-radius:5px;min-height:97px;aspect-ratio:unset;\"><span aria-hidden=\"true\" class=\"wp-block-cover__background has-accent-background-color has-background-dim-100 has-background-dim\"><\/span><div class=\"wp-block-cover__inner-container has-global-padding is-layout-constrained wp-block-cover-is-layout-constrained\">\n<div class=\"wp-block-group alignfull is-nowrap is-layout-flex wp-container-core-group-is-layout-6c531013 wp-block-group-is-layout-flex\" style=\"border-radius:5px;min-height:60px\">\n<div class=\"wp-block-outermost-icon-block items-justified-left\"><div class=\"icon-container has-icon-color has-base-color\" style=\"color:#ffffff;width:50px;padding-top:0px;padding-right:0px;padding-bottom:0px;padding-left:0px;border-radius:5px;transform:rotate(0deg) scaleX(1) scaleY(1)\"><svg width=\"24px\" height=\"24px\" viewBox=\"0 0 24 24\"><defs><style>.cls-1 {isolation: isolate;opacity: .4;}<\/style><\/defs><path d=\"M10.61,0C13.61,0,16.05,2.44,16.05,5.45c0,1.45-1.87,5.99-5.61,13.61l-.7-1.55c-3.05-6.79-4.57-10.81-4.57-12.06C5.16,2.44,7.6,0,10.61,0h0ZM10.44,2.72c-1.5,0-2.72,1.22-2.72,2.72s1.22,2.72,2.72,2.72,2.72-1.22,2.72-2.72-1.22-2.72-2.72-2.72h0Z\"><\/path><path class=\"cls-1\" d=\"M21,19.3c0,3.66-6.58,4.2-10.5,4.2S0,22.95,0,19.3c0-2.73,3.67-3.72,7.16-4.05l.59,2.08c-3.28.29-5.65,1.06-5.65,1.97,0,1.16,3.76,2.1,8.4,2.1s8.4-.94,8.4-2.1c0-.92-2.37-1.69-5.65-1.97l.59-2.08c3.49.33,7.16,1.32,7.16,4.05h0Z\"><\/path><\/svg><\/div><\/div>\n\n\n\n<div class=\"wp-block-group has-global-padding is-layout-constrained wp-block-group-is-layout-constrained\">\n<h2 class=\"wp-block-heading has-base-color has-text-color has-link-color has-large-font-size wp-elements-be5faae87b9f39752f5c9ae46ee86a5b\" style=\"line-height:1.2\">Besuchen Sie uns<\/h2>\n\n\n\n<p style=\"margin-top:0;margin-bottom:0;padding-top:0;padding-bottom:0;font-size:clamp(0.875rem, 0.875rem + ((1vw - 0.2rem) * 0.185), 1rem);line-height:1.2\">Hier finden Sie unsere Kontaktdaten<\/p>\n<\/div>\n<\/div>\n<\/div><\/div>\n<\/div>\n<\/div>\n\n\n\n<div style=\"height:30px\" aria-hidden=\"true\" class=\"wp-block-spacer\"><\/div>\n\n\n\n<div class=\"wp-block-columns is-layout-flex wp-container-core-columns-is-layout-658170e2 wp-block-columns-is-layout-flex\">\n<div class=\"wp-block-column is-layout-flow wp-block-column-is-layout-flow\" style=\"flex-basis:25%\">\n<div class=\"wp-block-group has-contrast-2-background-color has-background has-global-padding is-layout-constrained wp-container-core-group-is-layout-c385debf wp-block-group-is-layout-constrained\" style=\"padding-top:var(--wp--preset--spacing--20);padding-right:var(--wp--preset--spacing--20);padding-bottom:var(--wp--preset--spacing--20);padding-left:var(--wp--preset--spacing--20)\">\n<figure class=\"wp-block-image size-full is-style-image--circled\"><img decoding=\"async\" src=\"https:\/\/bo-themes.de\/wordpress-block-themes\/bob-werkstatt\/wp-content\/themes\/bob-werkstatt\/assets\/images\/marlene-mustermann-werkstatt-demo.webp\" alt=\"Marlene Mustermann\"\/><\/figure>\n\n\n\n<div class=\"wp-block-group has-global-padding is-layout-constrained wp-block-group-is-layout-constrained\">\n<h2 class=\"wp-block-heading has-text-align-center has-medium-large-font-size\" style=\"margin-top:0;margin-bottom:0;padding-top:0;padding-bottom:0\">Marlene Mustermann<\/h2>\n\n\n\n<h3 class=\"wp-block-heading has-text-align-center has-medium-font-size\" style=\"margin-top:5px;margin-bottom:0\">Gesch\u00e4ftsf\u00fchrerin<\/h3>\n<\/div>\n\n\n\n<div class=\"wp-block-group has-global-padding is-layout-constrained wp-block-group-is-layout-constrained\" style=\"padding-top:var(--wp--preset--spacing--10);padding-bottom:var(--wp--preset--spacing--10)\">\n<div class=\"wp-block-group is-content-justification-center is-nowrap is-layout-flex wp-container-core-group-is-layout-d1fe8388 wp-block-group-is-layout-flex\" style=\"margin-top:5px;margin-bottom:5px\">\n<p style=\"font-style:normal;font-weight:500\">Telefon:<\/p>\n\n\n\n<p>01234 345 6789<\/p>\n<\/div>\n\n\n\n<div class=\"wp-block-group is-content-justification-center is-nowrap is-layout-flex wp-container-core-group-is-layout-d1fe8388 wp-block-group-is-layout-flex\" style=\"margin-top:5px;margin-bottom:5px\">\n<p style=\"font-style:normal;font-weight:500;line-height:1.7\">E-Mail:<\/p>\n\n\n\n<p style=\"line-height:1.7\">info@domain.de<\/p>\n<\/div>\n<\/div>\n<\/div>\n<\/div>\n\n\n\n<div class=\"wp-block-column is-layout-flow wp-block-column-is-layout-flow\" style=\"flex-basis:25%\">\n<div class=\"wp-block-group has-contrast-2-background-color has-background has-global-padding is-layout-constrained wp-container-core-group-is-layout-c385debf wp-block-group-is-layout-constrained\" style=\"padding-top:var(--wp--preset--spacing--20);padding-right:var(--wp--preset--spacing--20);padding-bottom:var(--wp--preset--spacing--20);padding-left:var(--wp--preset--spacing--20)\">\n<figure class=\"wp-block-image size-full is-style-image--circled\"><img decoding=\"async\" src=\"https:\/\/bo-themes.de\/wordpress-block-themes\/bob-werkstatt\/wp-content\/themes\/bob-werkstatt\/assets\/images\/max-mustermann-werkstatt-demo.webp\" alt=\"Max Mustermann\"\/><\/figure>\n\n\n\n<div class=\"wp-block-group has-global-padding is-layout-constrained wp-block-group-is-layout-constrained\">\n<h2 class=\"wp-block-heading has-text-align-center has-medium-large-font-size\" style=\"margin-top:0;margin-bottom:0;padding-top:0;padding-bottom:0\">Max Mustermann<\/h2>\n\n\n\n<h3 class=\"wp-block-heading has-text-align-center has-medium-font-size\" style=\"margin-top:5px;margin-bottom:0\">Innenarchitekt<\/h3>\n<\/div>\n\n\n\n<div class=\"wp-block-group has-global-padding is-layout-constrained wp-block-group-is-layout-constrained\" style=\"padding-top:var(--wp--preset--spacing--10);padding-bottom:var(--wp--preset--spacing--10)\">\n<div class=\"wp-block-group is-content-justification-center is-nowrap is-layout-flex wp-container-core-group-is-layout-d1fe8388 wp-block-group-is-layout-flex\" style=\"margin-top:5px;margin-bottom:5px\">\n<p style=\"font-style:normal;font-weight:500\">Telefon:<\/p>\n\n\n\n<p>01234 345 6789<\/p>\n<\/div>\n\n\n\n<div class=\"wp-block-group is-content-justification-center is-nowrap is-layout-flex wp-container-core-group-is-layout-d1fe8388 wp-block-group-is-layout-flex\" style=\"margin-top:5px;margin-bottom:5px\">\n<p style=\"font-style:normal;font-weight:500;line-height:1.7\">E-Mail:<\/p>\n\n\n\n<p style=\"line-height:1.7\">info@domain.de<\/p>\n<\/div>\n<\/div>\n<\/div>\n<\/div>\n\n\n\n<div class=\"wp-block-column is-layout-flow wp-block-column-is-layout-flow\" style=\"flex-basis:25%\">\n<div class=\"wp-block-group has-contrast-2-background-color has-background has-global-padding is-layout-constrained wp-container-core-group-is-layout-c385debf wp-block-group-is-layout-constrained\" style=\"padding-top:var(--wp--preset--spacing--20);padding-right:var(--wp--preset--spacing--20);padding-bottom:var(--wp--preset--spacing--20);padding-left:var(--wp--preset--spacing--20)\">\n<figure class=\"wp-block-image size-full is-style-image--circled\"><img decoding=\"async\" src=\"https:\/\/bo-themes.de\/wordpress-block-themes\/bob-werkstatt\/wp-content\/themes\/bob-werkstatt\/assets\/images\/maria-mustermann-werkstatt-demo.webp\" alt=\"Maria Mustermann\"\/><\/figure>\n\n\n\n<div class=\"wp-block-group has-global-padding is-layout-constrained wp-block-group-is-layout-constrained\">\n<h2 class=\"wp-block-heading has-text-align-center has-medium-large-font-size\" style=\"margin-top:0;margin-bottom:0;padding-top:0;padding-bottom:0\">Maria Mustermann<\/h2>\n\n\n\n<h3 class=\"wp-block-heading has-text-align-center has-medium-font-size\" style=\"margin-top:5px;margin-bottom:0\">Innenarchitektin<\/h3>\n<\/div>\n\n\n\n<div class=\"wp-block-group has-global-padding is-layout-constrained wp-block-group-is-layout-constrained\" style=\"padding-top:var(--wp--preset--spacing--10);padding-bottom:var(--wp--preset--spacing--10)\">\n<div class=\"wp-block-group is-content-justification-center is-nowrap is-layout-flex wp-container-core-group-is-layout-d1fe8388 wp-block-group-is-layout-flex\" style=\"margin-top:5px;margin-bottom:5px\">\n<p style=\"font-style:normal;font-weight:500\">Telefon:<\/p>\n\n\n\n<p>01234 345 6789<\/p>\n<\/div>\n\n\n\n<div class=\"wp-block-group is-content-justification-center is-nowrap is-layout-flex wp-container-core-group-is-layout-d1fe8388 wp-block-group-is-layout-flex\" style=\"margin-top:5px;margin-bottom:5px\">\n<p style=\"font-style:normal;font-weight:500;line-height:1.7\">E-Mail:<\/p>\n\n\n\n<p style=\"line-height:1.7\">info@domain.de<\/p>\n<\/div>\n<\/div>\n<\/div>\n<\/div>\n\n\n\n<div class=\"wp-block-column is-layout-flow wp-block-column-is-layout-flow\" style=\"flex-basis:25%\">\n<div class=\"wp-block-group has-contrast-2-background-color has-background has-global-padding is-layout-constrained wp-container-core-group-is-layout-c385debf wp-block-group-is-layout-constrained\" style=\"padding-top:var(--wp--preset--spacing--20);padding-right:var(--wp--preset--spacing--20);padding-bottom:var(--wp--preset--spacing--20);padding-left:var(--wp--preset--spacing--20)\">\n<figure class=\"wp-block-image size-full is-style-image--circled\"><img decoding=\"async\" src=\"https:\/\/bo-themes.de\/wordpress-block-themes\/bob-werkstatt\/wp-content\/themes\/bob-werkstatt\/assets\/images\/martin-mustermann-werkstatt-demo.webp\" alt=\"Martin Mustermann - Demobild\"\/><\/figure>\n\n\n\n<div class=\"wp-block-group has-global-padding is-layout-constrained wp-block-group-is-layout-constrained\">\n<h2 class=\"wp-block-heading has-text-align-center has-medium-large-font-size\" style=\"margin-top:0;margin-bottom:0;padding-top:0;padding-bottom:0\">Martin Mustermann<\/h2>\n\n\n\n<h3 class=\"wp-block-heading has-text-align-center has-medium-font-size\" style=\"margin-top:5px;margin-bottom:0\">Tischler<\/h3>\n<\/div>\n\n\n\n<div class=\"wp-block-group has-global-padding is-layout-constrained wp-block-group-is-layout-constrained\" style=\"padding-top:var(--wp--preset--spacing--10);padding-bottom:var(--wp--preset--spacing--10)\">\n<div class=\"wp-block-group is-content-justification-center is-nowrap is-layout-flex wp-container-core-group-is-layout-d1fe8388 wp-block-group-is-layout-flex\" style=\"margin-top:5px;margin-bottom:5px\">\n<p style=\"font-style:normal;font-weight:500\">Telefon:<\/p>\n\n\n\n<p>01234 345 6789<\/p>\n<\/div>\n\n\n\n<div class=\"wp-block-group is-content-justification-center is-nowrap is-layout-flex wp-container-core-group-is-layout-d1fe8388 wp-block-group-is-layout-flex\" style=\"margin-top:5px;margin-bottom:5px\">\n<p style=\"font-style:normal;font-weight:500;line-height:1.7\">E-Mail:<\/p>\n\n\n\n<p style=\"line-height:1.7\">info@domain.de<\/p>\n<\/div>\n<\/div>\n<\/div>\n<\/div>\n<\/div>\n\n\n\n<div style=\"height:30px\" aria-hidden=\"true\" class=\"wp-block-spacer\"><\/div>\n\n\n\n<div style=\"height:20px\" aria-hidden=\"true\" class=\"wp-block-spacer\"><\/div>\n\n\n\n<div class=\"wp-block-group bob-product-box-no4-wrapper has-global-padding is-layout-constrained wp-block-group-is-layout-constrained\">\n<div class=\"wp-block-columns is-layout-flex wp-container-core-columns-is-layout-98fb3ab0 wp-block-columns-is-layout-flex\" style=\"padding-top:0;padding-right:0;padding-bottom:0;padding-left:0\">\n<div class=\"wp-block-column is-vertically-aligned-stretch is-layout-flow wp-container-core-column-is-layout-8a368f38 wp-block-column-is-layout-flow\" style=\"flex-basis:50%\">\n<div class=\"wp-block-group bob-stretch-image has-global-padding is-layout-constrained wp-block-group-is-layout-constrained\">\n<figure class=\"wp-block-image size-full\"><img decoding=\"async\" src=\"https:\/\/bo-themes.de\/wordpress-block-themes\/bob-werkstatt\/wp-content\/themes\/bob-werkstatt\/assets\/images\/projekt-werkstatt-demo-por-3.webp\" alt=\"BOB Werkstatt\"\/><\/figure>\n<\/div>\n<\/div>\n\n\n\n<div class=\"wp-block-column is-vertically-aligned-stretch has-contrast-2-background-color has-background is-layout-flow wp-block-column-is-layout-flow\" style=\"flex-basis:50%\">\n<div class=\"wp-block-group is-vertical is-layout-flex wp-container-core-group-is-layout-8121ed3c wp-block-group-is-layout-flex\" style=\"padding-top:var(--wp--preset--spacing--50);padding-right:var(--wp--preset--spacing--30);padding-bottom:var(--wp--preset--spacing--50);padding-left:var(--wp--preset--spacing--30)\">\n<h2 class=\"wp-block-heading\">Was wir f\u00fcr Sie tun k\u00f6nnen<\/h2>\n\n\n\n<p>Wir planen mit Ihnen gemeinsam Ihre Inneneinrichtung, beschaffen die gew\u00fcnschten M\u00f6bel und richten alles nach Ihren W\u00fcnschen ein.<\/p>\n\n\n\n<div style=\"height:30px\" aria-hidden=\"true\" class=\"wp-block-spacer wp-container-content-16d1eb73\"><\/div>\n\n\n\n<ul class=\"wp-block-list bob-check-list is-style-list--is-checklist\">\n<li>Beratung &amp; Einrichtungsplanung<\/li>\n\n\n\n<li>3D Visualisierungen<\/li>\n\n\n\n<li>Ma\u00dfgefertigte M\u00f6bel<\/li>\n\n\n\n<li>Beschaffung, Aufbau und Installation<\/li>\n\n\n\n<li>Smarte Elektronik f\u00fcr das ganze Haus<\/li>\n<\/ul>\n\n\n\n<div style=\"height:30px\" aria-hidden=\"true\" class=\"wp-block-spacer wp-container-content-cf2db169\"><\/div>\n\n\n\n<div class=\"wp-block-buttons is-layout-flex wp-block-buttons-is-layout-flex\">\n<div class=\"wp-block-button\"><a class=\"wp-block-button__link wp-element-button\" href=\"#\">Mehr erfahren<\/a><\/div>\n<\/div>\n<\/div>\n<\/div>\n<\/div>\n<\/div>\n\n\n\n<div style=\"height:25px\" aria-hidden=\"true\" class=\"wp-block-spacer\"><\/div>\n\n\n\n<div class=\"wp-block-group bob-product-box-no4-wrapper has-global-padding is-layout-constrained wp-block-group-is-layout-constrained\">\n<div class=\"wp-block-columns is-layout-flex wp-container-core-columns-is-layout-98fb3ab0 wp-block-columns-is-layout-flex\" style=\"padding-top:0;padding-right:0;padding-bottom:0;padding-left:0\">\n<div class=\"wp-block-column is-vertically-aligned-stretch has-contrast-2-background-color has-background is-layout-flow wp-block-column-is-layout-flow\" style=\"flex-basis:50%\">\n<div class=\"wp-block-group is-vertical is-layout-flex wp-container-core-group-is-layout-8121ed3c wp-block-group-is-layout-flex\" style=\"padding-top:var(--wp--preset--spacing--50);padding-right:var(--wp--preset--spacing--30);padding-bottom:var(--wp--preset--spacing--50);padding-left:var(--wp--preset--spacing--30)\">\n<h2 class=\"wp-block-heading\">Sie haben Fragen?<\/h2>\n\n\n\n<p>Wir beraten Sie gerne ausf\u00fchrlich und pers\u00f6nlich in unserer Werkstatt. Alle Arbeiten aus einer Hand: wir sind Ihr Ansprechpartner f\u00fcr alle Einrichtungsfragen! <\/p>\n\n\n\n<div style=\"height:30px\" aria-hidden=\"true\" class=\"wp-block-spacer wp-container-content-16d1eb73\"><\/div>\n\n\n\n<ul class=\"wp-block-list bob-check-list is-style-list--is-checklist\">\n<li>Beratung &amp; Einrichtungsplanung<\/li>\n\n\n\n<li>3D Visualisierungen<\/li>\n\n\n\n<li>Ma\u00dfgefertigte M\u00f6bel<\/li>\n\n\n\n<li>Beschaffung, Aufbau und Installation<\/li>\n\n\n\n<li>Smarte Elektronik f\u00fcr das ganze Haus<\/li>\n<\/ul>\n\n\n\n<div style=\"height:30px\" aria-hidden=\"true\" class=\"wp-block-spacer wp-container-content-cf2db169\"><\/div>\n\n\n\n<div class=\"wp-block-buttons is-layout-flex wp-block-buttons-is-layout-flex\">\n<div class=\"wp-block-button\"><a class=\"wp-block-button__link wp-element-button\" href=\"#\">Termin vereinbaren<\/a><\/div>\n<\/div>\n<\/div>\n<\/div>\n\n\n\n<div class=\"wp-block-column is-vertically-aligned-stretch is-layout-flow wp-container-core-column-is-layout-8a368f38 wp-block-column-is-layout-flow\" style=\"flex-basis:50%\">\n<div class=\"wp-block-group bob-stretch-image has-global-padding is-layout-constrained wp-block-group-is-layout-constrained\">\n<figure class=\"wp-block-image size-full\"><img decoding=\"async\" src=\"https:\/\/bo-themes.de\/wordpress-block-themes\/bob-werkstatt\/wp-content\/themes\/bob-werkstatt\/assets\/images\/projekt-werkstatt-demo-por-1.webp\" alt=\"BOB Werkstatt\"\/><\/figure>\n<\/div>\n<\/div>\n<\/div>\n<\/div>\n\n\n\n<div style=\"height:100px\" aria-hidden=\"true\" class=\"wp-block-spacer\"><\/div>\n","protected":false},"excerpt":{"rendered":"<p>Wir freuen uns auf Ihren Besuch in unserer Werkstatt! Lorem ipsum dolor sit amet, consetetur sadipscing elitr, sed diam nonumy eirmod tempor invidunt ut labore et dolore magna aliquyam erat, sed diam voluptua. At vero eos et accusam et justo duo dolores et ea rebum. Stet clita kasd gubergren, no sea takimata sanctus est Lorem [&hellip;]<\/p>\n","protected":false},"author":1,"featured_media":0,"parent":24,"menu_order":0,"comment_status":"closed","ping_status":"closed","template":"","meta":{"footnotes":""},"class_list":["post-26","page","type-page","status-publish","hentry"],"_links":{"self":[{"href":"https:\/\/bo-themes.de\/wordpress-block-themes\/bob-werkstatt\/wp-json\/wp\/v2\/pages\/26","targetHints":{"allow":["GET"]}}],"collection":[{"href":"https:\/\/bo-themes.de\/wordpress-block-themes\/bob-werkstatt\/wp-json\/wp\/v2\/pages"}],"about":[{"href":"https:\/\/bo-themes.de\/wordpress-block-themes\/bob-werkstatt\/wp-json\/wp\/v2\/types\/page"}],"author":[{"embeddable":true,"href":"https:\/\/bo-themes.de\/wordpress-block-themes\/bob-werkstatt\/wp-json\/wp\/v2\/users\/1"}],"replies":[{"embeddable":true,"href":"https:\/\/bo-themes.de\/wordpress-block-themes\/bob-werkstatt\/wp-json\/wp\/v2\/comments?post=26"}],"version-history":[{"count":17,"href":"https:\/\/bo-themes.de\/wordpress-block-themes\/bob-werkstatt\/wp-json\/wp\/v2\/pages\/26\/revisions"}],"predecessor-version":[{"id":13738,"href":"https:\/\/bo-themes.de\/wordpress-block-themes\/bob-werkstatt\/wp-json\/wp\/v2\/pages\/26\/revisions\/13738"}],"up":[{"embeddable":true,"href":"https:\/\/bo-themes.de\/wordpress-block-themes\/bob-werkstatt\/wp-json\/wp\/v2\/pages\/24"}],"wp:attachment":[{"href":"https:\/\/bo-themes.de\/wordpress-block-themes\/bob-werkstatt\/wp-json\/wp\/v2\/media?parent=26"}],"curies":[{"name":"wp","href":"https:\/\/api.w.org\/{rel}","templated":true}]}}