{"id":20,"date":"2025-06-11T19:27:34","date_gmt":"2025-06-11T17:27:34","guid":{"rendered":"https:\/\/bo-themes.de\/wordpress-block-themes\/bob-werkstatt\/?page_id=20"},"modified":"2025-06-16T11:42:34","modified_gmt":"2025-06-16T09:42:34","slug":"startseite-beispiel-4","status":"publish","type":"page","link":"https:\/\/bo-themes.de\/wordpress-block-themes\/bob-werkstatt\/home\/startseite-beispiel-4\/","title":{"rendered":"Startseite Beispiel 4"},"content":{"rendered":"\n<div class=\"wp-block-group box-slider-image-no1 has-global-padding is-layout-constrained wp-block-group-is-layout-constrained\">\n<div class=\"wp-block-columns is-layout-flex wp-container-core-columns-is-layout-9c22b1e3 wp-block-columns-is-layout-flex\">\n<div class=\"wp-block-column is-vertically-aligned-stretch has-contrast-2-background-color has-background is-layout-flow wp-block-column-is-layout-flow\" style=\"padding-top:7px;padding-left:7px;flex-basis:50%\">\n<div class=\"wp-block-group bob-intro-carousel has-global-padding is-layout-constrained wp-container-core-group-is-layout-be04af43 wp-block-group-is-layout-constrained\" style=\"margin-top:0;margin-bottom:0\">\n<div class=\"wp-block-cover\" style=\"min-height:650px;aspect-ratio:unset;\"><img decoding=\"async\" class=\"wp-block-cover__image-background size-large\" alt=\"\" src=\"https:\/\/bo-themes.de\/wordpress-block-themes\/bob-werkstatt\/wp-content\/themes\/bob-werkstatt\/assets\/images\/projekt-werkstatt-demo-por-3.webp\" data-object-fit=\"cover\"\/><span aria-hidden=\"true\" class=\"wp-block-cover__background has-background-dim-0 has-background-dim\" style=\"background-color:#80776a\"><\/span><div class=\"wp-block-cover__inner-container is-layout-flow wp-block-cover-is-layout-flow\">\n<div style=\"height:30px\" aria-hidden=\"true\" class=\"wp-block-spacer\"><\/div>\n<\/div><\/div>\n\n\n\n<div class=\"wp-block-cover is-light\" style=\"min-height:650px;aspect-ratio:unset;\"><img decoding=\"async\" class=\"wp-block-cover__image-background size-full\" alt=\"\" src=\"https:\/\/bo-themes.de\/wordpress-block-themes\/bob-werkstatt\/wp-content\/themes\/bob-werkstatt\/assets\/images\/projekt-werkstatt-demo-3.webp\" data-object-fit=\"cover\"\/><span aria-hidden=\"true\" class=\"wp-block-cover__background has-background-dim-0 has-background-dim\" style=\"background-color:#898a8a\"><\/span><div class=\"wp-block-cover__inner-container is-layout-flow wp-block-cover-is-layout-flow\">\n<div style=\"height:30px\" aria-hidden=\"true\" class=\"wp-block-spacer\"><\/div>\n<\/div><\/div>\n\n\n\n<div class=\"wp-block-cover is-light\" style=\"min-height:650px;aspect-ratio:unset;\"><img decoding=\"async\" class=\"wp-block-cover__image-background size-large\" alt=\"\" src=\"https:\/\/bo-themes.de\/wordpress-block-themes\/bob-werkstatt\/wp-content\/themes\/bob-werkstatt\/assets\/images\/projekt-werkstatt-demo-por-1.webp\" data-object-fit=\"cover\"\/><span aria-hidden=\"true\" class=\"wp-block-cover__background has-background-dim-0 has-background-dim\" style=\"background-color:#c1c2c2\"><\/span><div class=\"wp-block-cover__inner-container is-layout-flow wp-block-cover-is-layout-flow\">\n<div style=\"height:30px\" aria-hidden=\"true\" class=\"wp-block-spacer\"><\/div>\n<\/div><\/div>\n<\/div>\n<\/div>\n\n\n\n<div class=\"wp-block-column is-vertically-aligned-stretch has-contrast-2-background-color has-background is-layout-flow wp-block-column-is-layout-flow\" style=\"padding-top:0;padding-right:0;padding-bottom:0;padding-left:0;flex-basis:50%\">\n<div class=\"wp-block-group is-vertical is-layout-flex wp-container-core-group-is-layout-4979fa8c wp-block-group-is-layout-flex\" style=\"min-height:100%;padding-top:var(--wp--preset--spacing--20);padding-right:var(--wp--preset--spacing--30);padding-bottom:var(--wp--preset--spacing--20);padding-left:var(--wp--preset--spacing--30)\">\n<h1 class=\"wp-block-heading\">Unsere Werkstatt<\/h1>\n\n\n\n<p>Willkommen in unserer Werkstatt! Wir planen mit Ihnen gemeinsam Ihre Inneneinrichtung, beschaffen die gew\u00fcnschten M\u00f6bel oder fertigen sie passgenau an und richten alles nach Ihren W\u00fcnschen ein.<\/p>\n\n\n\n<div style=\"height:30px\" aria-hidden=\"true\" class=\"wp-block-spacer wp-container-content-1ac3d91d\"><\/div>\n\n\n\n<ul class=\"wp-block-list is-style-list--is-checklist\">\n<li>Beratung und Planung<\/li>\n\n\n\n<li>Ma\u00dfanfertigungen<\/li>\n\n\n\n<li>Installationen und Aufbau<\/li>\n\n\n\n<li>Wartungen und Pflege<\/li>\n<\/ul>\n\n\n\n<div style=\"height:30px\" aria-hidden=\"true\" class=\"wp-block-spacer wp-container-content-1ac3d91d\"><\/div>\n\n\n\n<div class=\"wp-block-buttons is-layout-flex wp-block-buttons-is-layout-flex\">\n<div class=\"wp-block-button\"><a class=\"wp-block-button__link wp-element-button\" href=\"#\">Mehr \u00fcber unsere Leistungen<\/a><\/div>\n\n\n\n<div class=\"wp-block-button\"><a class=\"wp-block-button__link wp-element-button\" href=\"#\">Zum Kontakt<\/a><\/div>\n<\/div>\n<\/div>\n<\/div>\n<\/div>\n<\/div>\n\n\n\n<div style=\"height:20px\" aria-hidden=\"true\" class=\"wp-block-spacer\"><\/div>\n\n\n\n<div class=\"wp-block-columns is-layout-flex wp-container-core-columns-is-layout-28f84493 wp-block-columns-is-layout-flex\">\n<div class=\"wp-block-column is-layout-flow wp-block-column-is-layout-flow\" style=\"flex-basis:66.66%\">\n<h2 class=\"wp-block-heading is-style-heading--underline\">Inneneinrichtung nach Ma\u00df<\/h2>\n\n\n\n<p>Willkommen in unserer Einrichtungswerkstatt! Wir planen mit Ihnen gemeinsam Ihre gesamte Inneneinrichtung, beschaffen die gew\u00fcnschten M\u00f6bel und richten alles nach Ihren W\u00fcnschen ein. Willkommen in unserer Einrichtungswerkstatt! Wir planen mit Ihnen gemeinsam Ihre gesamte Inneneinrichtung, beschaffen die gew\u00fcnschten M\u00f6bel und richten alles nach Ihren W\u00fcnschen ein.<\/p>\n<\/div>\n\n\n\n<div class=\"wp-block-column is-layout-flow wp-block-column-is-layout-flow\" style=\"flex-basis:33.33%\">\n<div class=\"wp-block-group has-contrast-2-background-color has-background has-global-padding is-layout-constrained wp-container-core-group-is-layout-c385debf wp-block-group-is-layout-constrained\" style=\"border-radius:10px;padding-top:var(--wp--preset--spacing--20);padding-right:var(--wp--preset--spacing--20);padding-bottom:var(--wp--preset--spacing--20);padding-left:var(--wp--preset--spacing--20)\">\n<div class=\"wp-block-group has-global-padding is-layout-constrained wp-block-group-is-layout-constrained\">\n<p class=\"has-medium-font-size\"><strong>M\u00f6bel Mustermann GmbH<br>Marlene Mustermann<\/strong><\/p>\n<\/div>\n\n\n\n<div class=\"wp-block-group has-global-padding is-layout-constrained wp-container-core-group-is-layout-95730b41 wp-block-group-is-layout-constrained\" style=\"padding-top:0;padding-bottom:0\">\n<div class=\"wp-block-columns are-vertically-aligned-top is-layout-flex wp-container-core-columns-is-layout-2c2d9be5 wp-block-columns-is-layout-flex\" style=\"margin-top:7px;margin-bottom:7px;padding-top:0;padding-bottom:0\">\n<div class=\"wp-block-column is-vertically-aligned-top is-layout-flow wp-container-core-column-is-layout-00ad3402 wp-block-column-is-layout-flow\" style=\"padding-top:8px;padding-bottom:0;flex-basis:22px\">\n<div class=\"wp-block-outermost-icon-block\"><div class=\"icon-container has-icon-color has-base-color\" style=\"color:#ffffff;width:22px;transform:rotate(0deg) scaleX(1) scaleY(1)\"><svg width=\"24px\" height=\"24px\" viewBox=\"0 0 24 24\"><defs><style>.cls-1 {isolation: isolate;opacity: .4;}<\/style><\/defs><path d=\"M10.61,0C13.61,0,16.05,2.44,16.05,5.45c0,1.45-1.87,5.99-5.61,13.61l-.7-1.55c-3.05-6.79-4.57-10.81-4.57-12.06C5.16,2.44,7.6,0,10.61,0h0ZM10.44,2.72c-1.5,0-2.72,1.22-2.72,2.72s1.22,2.72,2.72,2.72,2.72-1.22,2.72-2.72-1.22-2.72-2.72-2.72h0Z\"><\/path><path class=\"cls-1\" d=\"M21,19.3c0,3.66-6.58,4.2-10.5,4.2S0,22.95,0,19.3c0-2.73,3.67-3.72,7.16-4.05l.59,2.08c-3.28.29-5.65,1.06-5.65,1.97,0,1.16,3.76,2.1,8.4,2.1s8.4-.94,8.4-2.1c0-.92-2.37-1.69-5.65-1.97l.59-2.08c3.49.33,7.16,1.32,7.16,4.05h0Z\"><\/path><\/svg><\/div><\/div>\n<\/div>\n\n\n\n<div class=\"wp-block-column is-vertically-aligned-top is-layout-flow wp-block-column-is-layout-flow\" style=\"padding-top:0;padding-bottom:0\">\n<p>Hamburgerstra\u00dfe 1a, 12345 K\u00f6ln<\/p>\n<\/div>\n<\/div>\n\n\n\n<div class=\"wp-block-group is-nowrap is-layout-flex wp-container-core-group-is-layout-86e03f39 wp-block-group-is-layout-flex\" style=\"margin-top:7px;margin-bottom:7px\">\n<div class=\"wp-block-group has-global-padding is-layout-constrained wp-block-group-is-layout-constrained\">\n<div class=\"wp-block-outermost-icon-block\"><div class=\"icon-container has-icon-color has-base-color\" style=\"color:#ffffff;width:22px;transform:rotate(0deg) scaleX(1) scaleY(1)\"><svg width=\"24px\" height=\"24px\" viewBox=\"0 0 24 24\"><defs><style>.cls-1 {isolation: isolate;opacity: .4;}<\/style><\/defs><path d=\"M12.51.05h.13c5.12.65,9.14,4.67,9.78,9.79.09.69-.4,1.32-1.09,1.4-.05.01-.1.01-.15.01-.63,0-1.16-.46-1.24-1.1-.5-3.98-3.62-7.1-7.6-7.6-.69-.08-1.18-.7-1.09-1.39.08-.69.7-1.18,1.39-1.1h-.13ZM11.29,6.1c.17-.68.86-1.08,1.53-.9,2.19.57,3.91,2.28,4.5,4.5.16.66-.24,1.35-.9,1.53-.1.02-.21.04-.31.04-.57,0-1.06-.38-1.21-.94-.35-1.33-1.38-2.36-2.69-2.69-.68-.18-1.08-.85-.9-1.53h0Z\"><\/path><path class=\"cls-1\" d=\"M20.29,15.34l-3.18-.36c-.76-.09-1.51.17-2.05.71l-2.31,2.31c-3.54-1.8-6.45-4.7-8.25-8.25l2.32-2.32c.54-.54.8-1.29.72-2.05l-.36-3.16c-.15-1.27-1.21-2.22-2.49-2.22h-2.17C1.09,0-.09,1.18,0,2.59c.66,10.69,9.22,19.24,19.9,19.9,1.42.09,2.59-1.09,2.59-2.51v-2.17c.01-1.26-.94-2.33-2.2-2.48h0Z\"><\/path><\/svg><\/div><\/div>\n<\/div>\n\n\n\n<div class=\"wp-block-group has-global-padding is-layout-constrained wp-block-group-is-layout-constrained\">\n<p>01234 345 6789<\/p>\n<\/div>\n<\/div>\n\n\n\n<div class=\"wp-block-group is-nowrap is-layout-flex wp-container-core-group-is-layout-86e03f39 wp-block-group-is-layout-flex\" style=\"margin-top:7px;margin-bottom:7px\">\n<div class=\"wp-block-group has-global-padding is-layout-constrained wp-block-group-is-layout-constrained\" style=\"padding-top:7px\">\n<div class=\"wp-block-outermost-icon-block\"><div class=\"icon-container has-icon-color has-base-color\" style=\"color:#ffffff;width:24px;height:26px;transform:rotate(0deg) scaleX(1) scaleY(1)\"><svg width=\"24px\" height=\"24px\" viewBox=\"0 0 24 24\"><defs><style>.cls-1 {isolation: isolate;opacity: .4;}<\/style><\/defs><path d=\"M0,1.28l10.67,7.46c.64.47,1.52.47,2.16,0L23.5,1.28c-.06-.76-.64-1.28-1.34-1.28H1.4C.7,0,.06.53,0,1.28h0Z\"><\/path><path class=\"cls-1\" d=\"M14.93,8.69l7.81,7.29c-.17.06-.41.12-.58.12H1.4c-.23,0-.47-.06-.64-.12h0l7.87-7.29,1.4.99c1.05.76,2.39.76,3.5,0h0l1.4-.99h0ZM23.5,2.68v12.36l-7.64-7,7.64-5.37h0ZM0,2.68l7.64,5.37L.06,15.04c-.05-.09-.06-.19-.06-.25V2.68Z\"><\/path><\/svg><\/div><\/div>\n<\/div>\n\n\n\n<div class=\"wp-block-group has-global-padding is-layout-constrained wp-block-group-is-layout-constrained\">\n<p style=\"line-height:1.7\">info@domain.de<\/p>\n<\/div>\n<\/div>\n<\/div>\n<\/div>\n<\/div>\n<\/div>\n\n\n\n<div style=\"height:10px\" aria-hidden=\"true\" class=\"wp-block-spacer\"><\/div>\n\n\n\n<h2 class=\"wp-block-heading is-style-heading--underline\">Besuchen Sie auch unseren Showroom<\/h2>\n\n\n\n<p>Lorem ipsum dolor sit amet, consetetur sadipscing elitr, sed diam nonumy eirmod tempor invidunt ut labore et dolore magna aliquyam erat, sed diam voluptua. At vero eos et accusam et justo duo dolores et ea rebum. Stet clita kasd gubergren, no sea takimata sanctus est Lorem ipsum dolor sit amet. Stet clita kasd gubergren, no sea takimata sanctus est Lorem ipsum dolor sit amet.<\/p>\n\n\n\n<div style=\"height:20px\" aria-hidden=\"true\" class=\"wp-block-spacer\"><\/div>\n\n\n\n<div class=\"wp-block-columns is-layout-flex wp-container-core-columns-is-layout-28f84493 wp-block-columns-is-layout-flex\">\n<div class=\"wp-block-column is-layout-flow wp-block-column-is-layout-flow\">\n<div id=\"image-has-button\" class=\"wp-block-group bob-image-has-button has-global-padding is-layout-constrained wp-container-core-group-is-layout-19e250f3 wp-block-group-is-layout-constrained\">\n<figure class=\"wp-block-image size-large has-custom-border\"><img decoding=\"async\" src=\"https:\/\/bo-themes.de\/wordpress-block-themes\/bob-werkstatt\/wp-content\/themes\/bob-werkstatt\/assets\/images\/projekt-werkstatt-demo-por-2.webp\" alt=\"\" style=\"border-radius:5px\"\/><\/figure>\n\n\n\n<div class=\"wp-block-group bob-button-group has-background has-global-padding is-layout-constrained wp-container-core-group-is-layout-46d21048 wp-block-group-is-layout-constrained\" style=\"border-bottom-left-radius:5px;border-bottom-right-radius:5px;background-color:#00000080;padding-top:var(--wp--preset--spacing--30);padding-right:var(--wp--preset--spacing--20);padding-bottom:var(--wp--preset--spacing--30);padding-left:var(--wp--preset--spacing--20)\">\n<h2 class=\"wp-block-heading has-text-align-center has-x-large-font-size\">St\u00fchle aus Holz<\/h2>\n\n\n\n<div style=\"height:20px\" aria-hidden=\"true\" class=\"wp-block-spacer\"><\/div>\n\n\n\n<div class=\"wp-block-buttons is-content-justification-center is-layout-flex wp-container-core-buttons-is-layout-c3d5205c wp-block-buttons-is-layout-flex\" style=\"margin-top:0;margin-bottom:0\">\n<div class=\"wp-block-button\"><a class=\"wp-block-button__link wp-element-button\" href=\"#\">Produkte ansehen<\/a><\/div>\n<\/div>\n<\/div>\n<\/div>\n<\/div>\n\n\n\n<div class=\"wp-block-column is-layout-flow wp-block-column-is-layout-flow\">\n<div id=\"image-has-button\" class=\"wp-block-group bob-image-has-button has-global-padding is-layout-constrained wp-container-core-group-is-layout-19e250f3 wp-block-group-is-layout-constrained\">\n<figure class=\"wp-block-image size-large has-custom-border\"><img decoding=\"async\" src=\"https:\/\/bo-themes.de\/wordpress-block-themes\/bob-werkstatt\/wp-content\/themes\/bob-werkstatt\/assets\/images\/projekt-werkstatt-demo-por-3.webp\" alt=\"\" style=\"border-radius:5px\"\/><\/figure>\n\n\n\n<div class=\"wp-block-group bob-button-group has-background has-global-padding is-layout-constrained wp-container-core-group-is-layout-46d21048 wp-block-group-is-layout-constrained\" style=\"border-bottom-left-radius:5px;border-bottom-right-radius:5px;background-color:#00000080;padding-top:var(--wp--preset--spacing--30);padding-right:var(--wp--preset--spacing--20);padding-bottom:var(--wp--preset--spacing--30);padding-left:var(--wp--preset--spacing--20)\">\n<h2 class=\"wp-block-heading has-text-align-center has-x-large-font-size\">Bequeme Sessel<\/h2>\n\n\n\n<div style=\"height:20px\" aria-hidden=\"true\" class=\"wp-block-spacer\"><\/div>\n\n\n\n<div class=\"wp-block-buttons is-content-justification-center is-layout-flex wp-container-core-buttons-is-layout-c3d5205c wp-block-buttons-is-layout-flex\" style=\"margin-top:0;margin-bottom:0\">\n<div class=\"wp-block-button\"><a class=\"wp-block-button__link wp-element-button\" href=\"#\">Produkte ansehen<\/a><\/div>\n<\/div>\n<\/div>\n<\/div>\n<\/div>\n\n\n\n<div class=\"wp-block-column is-layout-flow wp-block-column-is-layout-flow\">\n<div id=\"image-has-button\" class=\"wp-block-group bob-image-has-button has-global-padding is-layout-constrained wp-container-core-group-is-layout-19e250f3 wp-block-group-is-layout-constrained\">\n<figure class=\"wp-block-image size-large has-custom-border\"><img decoding=\"async\" src=\"https:\/\/bo-themes.de\/wordpress-block-themes\/bob-werkstatt\/wp-content\/themes\/bob-werkstatt\/assets\/images\/projekt-werkstatt-demo-por-1.webp\" alt=\"\" style=\"border-radius:5px\"\/><\/figure>\n\n\n\n<div class=\"wp-block-group bob-button-group has-background has-global-padding is-layout-constrained wp-container-core-group-is-layout-46d21048 wp-block-group-is-layout-constrained\" style=\"border-bottom-left-radius:5px;border-bottom-right-radius:5px;background-color:#00000080;padding-top:var(--wp--preset--spacing--30);padding-right:var(--wp--preset--spacing--20);padding-bottom:var(--wp--preset--spacing--30);padding-left:var(--wp--preset--spacing--20)\">\n<h2 class=\"wp-block-heading has-text-align-center has-x-large-font-size\">Tische &amp; St\u00fchle<\/h2>\n\n\n\n<div style=\"height:20px\" aria-hidden=\"true\" class=\"wp-block-spacer\"><\/div>\n\n\n\n<div class=\"wp-block-buttons is-content-justification-center is-layout-flex wp-container-core-buttons-is-layout-c3d5205c wp-block-buttons-is-layout-flex\" style=\"margin-top:0;margin-bottom:0\">\n<div class=\"wp-block-button\"><a class=\"wp-block-button__link wp-element-button\" href=\"#\">Produkte ansehen<\/a><\/div>\n<\/div>\n<\/div>\n<\/div>\n<\/div>\n<\/div>\n\n\n\n<div style=\"height:30px\" aria-hidden=\"true\" class=\"wp-block-spacer\"><\/div>\n\n\n\n<div class=\"wp-block-cover is-light has-parallax\" style=\"min-height:300px;aspect-ratio:unset;\"><div class=\"wp-block-cover__image-background size-large has-parallax\" style=\"background-position:50% 50%;background-image:url(https:\/\/bo-themes.de\/wordpress-block-themes\/bob-werkstatt\/wp-content\/themes\/bob-werkstatt\/assets\/images\/cover-werkstatt-demo-1.webp)\"><\/div><span aria-hidden=\"true\" class=\"wp-block-cover__background has-background-dim-0 has-background-dim\" style=\"background-color:#8d8f92\"><\/span><div class=\"wp-block-cover__inner-container has-global-padding is-layout-constrained wp-block-cover-is-layout-constrained\">\n<p class=\"has-text-align-center has-large-font-size\"><\/p>\n<\/div><\/div>\n\n\n\n<div style=\"height:30px\" aria-hidden=\"true\" class=\"wp-block-spacer\"><\/div>\n\n\n\n<div class=\"wp-block-columns is-layout-flex wp-container-core-columns-is-layout-7fc3d43a wp-block-columns-is-layout-flex\">\n<div class=\"wp-block-column is-layout-flow wp-block-column-is-layout-flow\">\n<p class=\"has-text-align-left has-accent-color has-text-color has-link-color wp-elements-54c38bc75a2359ea3cbcdf2fd46a903d\" style=\"padding-top:0;padding-right:0;padding-bottom:0;padding-left:0;font-style:normal;font-weight:600\">Inneneinrichtung<\/p>\n\n\n\n<h2 class=\"wp-block-heading is-style-heading--underline\" style=\"margin-top:5px\">Planung und Beratung<\/h2>\n\n\n\n<p>Lorem ipsum dolor sit amet, consetetur sadipscing elitr, sed diam nonumy eirmod tempor invidunt ut labore et dolore magna aliquyam erat, sed diam voluptua. At vero eos et accusam et justo duo dolores et ea rebum. Stet clita kasd gubergren, no sea takimata sanctus est Lorem ipsum dolor sit amet. Stet clita kasd gubergren, no sea takimata sanctus est Lorem ipsum dolor sit amet.<\/p>\n\n\n\n<div style=\"height:10px\" aria-hidden=\"true\" class=\"wp-block-spacer\"><\/div>\n\n\n\n<div class=\"wp-block-buttons is-layout-flex wp-block-buttons-is-layout-flex\">\n<div class=\"wp-block-button\"><a class=\"wp-block-button__link wp-element-button\" href=\"#\">Mehr erfahren<\/a><\/div>\n<\/div>\n<\/div>\n\n\n\n<div class=\"wp-block-column is-layout-flow wp-block-column-is-layout-flow\">\n<p class=\"has-text-align-left has-accent-color has-text-color has-link-color wp-elements-955c5e92264ac5498fd4fad3bb0eea05\" style=\"padding-top:0;padding-right:0;padding-bottom:0;padding-left:0;font-style:normal;font-weight:600\">M\u00f6belbau<\/p>\n\n\n\n<h2 class=\"wp-block-heading is-style-heading--underline\" style=\"margin-top:5px\">Ma\u00dfanfertigungen<\/h2>\n\n\n\n<p>Lorem ipsum dolor sit amet, consetetur sadipscing elitr, sed diam nonumy eirmod tempor invidunt ut labore et dolore magna aliquyam erat, sed diam voluptua. At vero eos et accusam et justo duo dolores et ea rebum. Stet clita kasd gubergren, no sea takimata sanctus est Lorem ipsum dolor sit amet. Stet clita kasd gubergren, no sea takimata sanctus est Lorem ipsum dolor sit amet.<\/p>\n\n\n\n<div style=\"height:10px\" aria-hidden=\"true\" class=\"wp-block-spacer\"><\/div>\n\n\n\n<div class=\"wp-block-buttons is-layout-flex wp-block-buttons-is-layout-flex\">\n<div class=\"wp-block-button\"><a class=\"wp-block-button__link wp-element-button\" href=\"#\">Mehr erfahren<\/a><\/div>\n<\/div>\n<\/div>\n\n\n\n<div class=\"wp-block-column is-layout-flow wp-block-column-is-layout-flow\">\n<p class=\"has-text-align-left has-accent-color has-text-color has-link-color wp-elements-29acd25e503d33e52ec878edf54cff74\" style=\"margin-bottom:0;padding-top:0;padding-right:0;padding-bottom:0;padding-left:0;font-style:normal;font-weight:600\">Smartes Wohnen<\/p>\n\n\n\n<h2 class=\"wp-block-heading is-style-heading--underline\" style=\"margin-top:5px\">Installationen und Wartung<\/h2>\n\n\n\n<p>Lorem ipsum dolor sit amet, consetetur sadipscing elitr, sed diam nonumy eirmod tempor invidunt ut labore et dolore magna aliquyam erat, sed diam voluptua. At vero eos et accusam et justo duo dolores et ea rebum. Stet clita kasd gubergren, no sea takimata sanctus est Lorem ipsum dolor sit amet. Stet clita kasd gubergren, no sea takimata sanctus est Lorem ipsum dolor sit amet.<\/p>\n\n\n\n<div style=\"height:10px\" aria-hidden=\"true\" class=\"wp-block-spacer\"><\/div>\n\n\n\n<div class=\"wp-block-buttons is-layout-flex wp-block-buttons-is-layout-flex\">\n<div class=\"wp-block-button\"><a class=\"wp-block-button__link wp-element-button\" href=\"#\">Mehr erfahren<\/a><\/div>\n<\/div>\n<\/div>\n<\/div>\n\n\n\n<div style=\"height:30px\" aria-hidden=\"true\" class=\"wp-block-spacer\"><\/div>\n\n\n\n<div id=\"cta-group-no1\" class=\"wp-block-group bob-cta-group-no1 has-global-padding is-layout-constrained wp-block-group-is-layout-constrained\">\n<div class=\"wp-block-cover has-custom-content-position is-position-top-center\" style=\"min-height:100%;aspect-ratio:unset;\"><img decoding=\"async\" class=\"wp-block-cover__image-background size-full\" alt=\"\" src=\"https:\/\/bo-themes.de\/wordpress-block-themes\/bob-werkstatt\/wp-content\/themes\/bob-werkstatt\/assets\/images\/intro-werkstatt-demo-2.webp\" data-object-fit=\"cover\"\/><span aria-hidden=\"true\" class=\"wp-block-cover__background has-background-dim-0 has-background-dim\"><\/span><div class=\"wp-block-cover__inner-container has-global-padding is-layout-constrained wp-block-cover-is-layout-constrained\">\n<div class=\"wp-block-columns is-layout-flex wp-container-core-columns-is-layout-f0342b05 wp-block-columns-is-layout-flex\" style=\"margin-top:0;margin-bottom:0\">\n<div class=\"wp-block-column is-layout-flow wp-block-column-is-layout-flow\" style=\"flex-basis:68%\"><\/div>\n\n\n\n<div class=\"wp-block-column is-vertically-aligned-stretch is-layout-flow wp-block-column-is-layout-flow\" style=\"flex-basis:32%\">\n<div class=\"wp-block-group has-accent-background-color has-background has-global-padding is-layout-constrained wp-container-core-group-is-layout-b5fc8583 wp-block-group-is-layout-constrained\" style=\"padding-top:var(--wp--preset--spacing--30);padding-right:var(--wp--preset--spacing--30);padding-bottom:var(--wp--preset--spacing--30);padding-left:var(--wp--preset--spacing--30)\">\n<h2 class=\"wp-block-heading\">Sie haben Fragen und w\u00fcnschen eine Beratung? <\/h2>\n\n\n\n<p>Gerne beantworten wir alle Ihre Fragen zu unseren Leistungen und M\u00f6glichkeiten. Vereinbaren Sie doch gleich hier einen unverbindlichen Beratungstermin bei uns. <br><strong>Wir freuen uns auf Sie!<\/strong><\/p>\n\n\n\n<div class=\"wp-block-buttons is-layout-flex wp-block-buttons-is-layout-flex\">\n<div class=\"wp-block-button\"><a class=\"wp-block-button__link has-contrast-background-color has-background wp-element-button\" href=\"#\">Jetzt Termin vereinbaren<\/a><\/div>\n<\/div>\n<\/div>\n<\/div>\n<\/div>\n<\/div><\/div>\n<\/div>\n\n\n\n<div style=\"height:100px\" aria-hidden=\"true\" class=\"wp-block-spacer\"><\/div>\n\n\n\n<div class=\"wp-block-group alignfull has-accent-background-color has-background has-global-padding is-layout-constrained wp-container-core-group-is-layout-72190d31 wp-block-group-is-layout-constrained\" style=\"min-height:1px;margin-top:0;margin-bottom:0;padding-top:0;padding-right:0;padding-bottom:0;padding-left:0\"><\/div>\n","protected":false},"excerpt":{"rendered":"<p>Unsere Werkstatt Willkommen in unserer Werkstatt! Wir planen mit Ihnen gemeinsam Ihre Inneneinrichtung, beschaffen die gew\u00fcnschten M\u00f6bel oder fertigen sie passgenau an und richten alles nach Ihren W\u00fcnschen ein. Inneneinrichtung nach Ma\u00df Willkommen in unserer Einrichtungswerkstatt! Wir planen mit Ihnen gemeinsam Ihre gesamte Inneneinrichtung, beschaffen die gew\u00fcnschten M\u00f6bel und richten alles nach Ihren W\u00fcnschen ein. [&hellip;]<\/p>\n","protected":false},"author":1,"featured_media":0,"parent":2,"menu_order":0,"comment_status":"closed","ping_status":"closed","template":"page-without-title","meta":{"footnotes":""},"class_list":["post-20","page","type-page","status-publish","hentry"],"_links":{"self":[{"href":"https:\/\/bo-themes.de\/wordpress-block-themes\/bob-werkstatt\/wp-json\/wp\/v2\/pages\/20","targetHints":{"allow":["GET"]}}],"collection":[{"href":"https:\/\/bo-themes.de\/wordpress-block-themes\/bob-werkstatt\/wp-json\/wp\/v2\/pages"}],"about":[{"href":"https:\/\/bo-themes.de\/wordpress-block-themes\/bob-werkstatt\/wp-json\/wp\/v2\/types\/page"}],"author":[{"embeddable":true,"href":"https:\/\/bo-themes.de\/wordpress-block-themes\/bob-werkstatt\/wp-json\/wp\/v2\/users\/1"}],"replies":[{"embeddable":true,"href":"https:\/\/bo-themes.de\/wordpress-block-themes\/bob-werkstatt\/wp-json\/wp\/v2\/comments?post=20"}],"version-history":[{"count":2,"href":"https:\/\/bo-themes.de\/wordpress-block-themes\/bob-werkstatt\/wp-json\/wp\/v2\/pages\/20\/revisions"}],"predecessor-version":[{"id":13716,"href":"https:\/\/bo-themes.de\/wordpress-block-themes\/bob-werkstatt\/wp-json\/wp\/v2\/pages\/20\/revisions\/13716"}],"up":[{"embeddable":true,"href":"https:\/\/bo-themes.de\/wordpress-block-themes\/bob-werkstatt\/wp-json\/wp\/v2\/pages\/2"}],"wp:attachment":[{"href":"https:\/\/bo-themes.de\/wordpress-block-themes\/bob-werkstatt\/wp-json\/wp\/v2\/media?parent=20"}],"curies":[{"name":"wp","href":"https:\/\/api.w.org\/{rel}","templated":true}]}}